{"id":148074,"date":"2020-07-22T21:38:03","date_gmt":"2020-07-22T20:38:03","guid":{"rendered":"https:\/\/www.brandit-protection.com\/shop\/display-screen-protection-glass-2-5d-for-phones\/"},"modified":"2026-04-16T12:21:17","modified_gmt":"2026-04-16T11:21:17","slug":"display-screen-protection-glass-2-5d-for-phones","status":"publish","type":"product","link":"https:\/\/www.brandit-protection.com\/fr\/boutique\/display-screen-protection-glass-2-5d-for-phones\/","title":{"rendered":"Verre de protection d&#8217;\u00e9cran 2,5D pour les t\u00e9l\u00e9phones"},"content":{"rendered":"","protected":false},"excerpt":{"rendered":"Notre vitre de protection d&#8217;\u00e9cran en verre v\u00e9ritable est le compl\u00e9ment id\u00e9al des \u00e9tuis pour portable Brand.it pour prot\u00e9ger l&#8217;\u00e9cran de votre smartphone des rayures.","protected":false},"featured_media":139035,"template":"","meta":{"_kad_blocks_custom_css":"","_kad_blocks_head_custom_js":"","_kad_blocks_body_custom_js":"","_kad_blocks_footer_custom_js":""},"product_brand":[],"product_cat":[925,2193,2655,3347,2930,2931,3348,3205,3208,3206,3207,3469,3466,3468,3690,3782,3839,3784,2925],"product_tag":[1689],"product_faqs":[],"class_list":{"0":"post-148074","1":"product","2":"type-product","3":"status-publish","4":"has-post-thumbnail","6":"product_cat-apple-fr","7":"product_cat-iphone-12-12-pro","8":"product_cat-iphone-13-mini-fr","9":"product_cat-iphone-14-plus-13-pro-max-fr","10":"product_cat-iphone-14-pro-fr","11":"product_cat-iphone-14-pro-max-fr","12":"product_cat-iphone-14-13-13-pro-fr","13":"product_cat-iphone-15-apple-fr","14":"product_cat-iphone-15-plus-apple-fr","15":"product_cat-iphone-15-pro-apple-fr","16":"product_cat-iphone-15-pro-max-apple-fr","17":"product_cat-iphone-16-fr","18":"product_cat-iphone-16-plus-fr","19":"product_cat-iphone-16-pro-max-fr","20":"product_cat-iphone-16e-fr","21":"product_cat-iphone-17-pro-max-fr","22":"product_cat-iphone-17-17-pro-16-pro-apple-fr","23":"product_cat-iphone-air-fr","24":"product_cat-iphone-se2-se3-8-7-fr","25":"product_tag-portable","26":"product_shipping_class-phone-display-protection-fr","27":"pa_model-iphone-11-pro-fr-2","28":"pa_model-iphone-11-xr-fr-2","29":"pa_model-iphone-12-mini-fr-2","30":"pa_model-iphone-12-pro-max-fr-2","31":"pa_model-iphone-12-12-pro-fr-2","32":"pa_model-iphone-13-mini-fr","33":"pa_model-iphone-14-plus-13-pro-max-fr","34":"pa_model-iphone-14-pro-fr","35":"pa_model-iphone-14-pro-max-fr","36":"pa_model-iphone-14-13-13-pro-fr","37":"pa_model-iphone-15-fr","38":"pa_model-iphone-15-plus-fr","39":"pa_model-iphone-15-pro-fr","40":"pa_model-iphone-15-pro-max-fr","41":"pa_model-iphone-16-fr","42":"pa_model-iphone-16-plus-fr","43":"pa_model-iphone-16-pro-max-fr","44":"pa_model-iphone-16e-17e","45":"pa_model-iphone-17-pro-max-fr","46":"pa_model-iphone-17-17-pro-16-pro-fr","47":"pa_model-iphone-air-fr","48":"pa_model-iphone-se2-se3-8-7-fr","50":"first","51":"instock","52":"taxable","53":"shipping-taxable","54":"purchasable","55":"product-type-variable","56":"has-default-attributes","57":"rtwpvs-product"},"acf":[],"taxonomy_info":{"product_cat":[{"value":925,"label":"Apple\u2122"},{"value":2193,"label":"iPhone 12\/12 pro"},{"value":2655,"label":"iPhone 13 mini"},{"value":3347,"label":"iPhone 14 plus\/13 pro max"},{"value":2930,"label":"iPhone 14 pro"},{"value":2931,"label":"iPhone 14 pro max"},{"value":3348,"label":"iPhone 14\/13\/13 pro"},{"value":3205,"label":"iPhone 15"},{"value":3208,"label":"iPhone 15 plus"},{"value":3206,"label":"iPhone 15 pro"},{"value":3207,"label":"iPhone 15 pro max"},{"value":3469,"label":"iPhone 16"},{"value":3466,"label":"iPhone 16 plus"},{"value":3468,"label":"iPhone 16 pro max"},{"value":3690,"label":"iPhone 16e"},{"value":3782,"label":"iPhone 17 pro max"},{"value":3839,"label":"iPhone 17\/17 pro\/16 pro"},{"value":3784,"label":"iPhone air"},{"value":2925,"label":"iPhone SE2\/SE3\/8\/7"}],"product_tag":[{"value":1689,"label":"portable"}],"pa_model":[{"value":2214,"label":"iPhone 11 pro"},{"value":2260,"label":"iPhone 11\/XR"},{"value":2261,"label":"iPhone 12 mini"},{"value":2397,"label":"iPhone 12 pro max"},{"value":2262,"label":"iPhone 12\/12 pro"},{"value":2639,"label":"iPhone 13 mini"},{"value":3042,"label":"iPhone 14 plus\/13 pro max"},{"value":2914,"label":"iPhone 14 pro"},{"value":2915,"label":"iPhone 14 pro max"},{"value":3040,"label":"iPhone 14\/13\/13 pro"},{"value":3145,"label":"iPhone 15"},{"value":3139,"label":"iPhone 15 plus"},{"value":3141,"label":"iPhone 15 pro"},{"value":3143,"label":"iPhone 15 pro max"},{"value":3479,"label":"iPhone 16"},{"value":3476,"label":"iPhone 16 plus"},{"value":3478,"label":"iPhone 16 pro max"},{"value":3887,"label":"iPhone 16e\/17e"},{"value":3803,"label":"iPhone 17 pro max"},{"value":3837,"label":"iPhone 17\/17 pro\/16 pro"},{"value":3796,"label":"iPhone air"},{"value":3036,"label":"iPhone SE2\/SE3\/8\/7"}]},"featured_image_src_large":["https:\/\/www.brandit-protection.com\/wp-content\/uploads\/displayschutz_folie_glas_klar_fuer_iphone_6_6s_7_8_x_10_01a-1024x1024.jpg",1024,1024,true],"author_info":[],"comment_info":"","_links":{"self":[{"href":"https:\/\/www.brandit-protection.com\/fr\/wp-json\/wp\/v2\/product\/148074","targetHints":{"allow":["GET"]}}],"collection":[{"href":"https:\/\/www.brandit-protection.com\/fr\/wp-json\/wp\/v2\/product"}],"about":[{"href":"https:\/\/www.brandit-protection.com\/fr\/wp-json\/wp\/v2\/types\/product"}],"wp:featuredmedia":[{"embeddable":true,"href":"https:\/\/www.brandit-protection.com\/fr\/wp-json\/wp\/v2\/media\/139035"}],"wp:attachment":[{"href":"https:\/\/www.brandit-protection.com\/fr\/wp-json\/wp\/v2\/media?parent=148074"}],"wp:term":[{"taxonomy":"product_brand","embeddable":true,"href":"https:\/\/www.brandit-protection.com\/fr\/wp-json\/wp\/v2\/product_brand?post=148074"},{"taxonomy":"product_cat","embeddable":true,"href":"https:\/\/www.brandit-protection.com\/fr\/wp-json\/wp\/v2\/product_cat?post=148074"},{"taxonomy":"product_tag","embeddable":true,"href":"https:\/\/www.brandit-protection.com\/fr\/wp-json\/wp\/v2\/product_tag?post=148074"},{"taxonomy":"product_faqs","embeddable":true,"href":"https:\/\/www.brandit-protection.com\/fr\/wp-json\/wp\/v2\/product_faqs?post=148074"}],"curies":[{"name":"wp","href":"https:\/\/api.w.org\/{rel}","templated":true}]}}

Verre de protection d&#8217;écran 2,5D pour les téléphones

Notre vitre de protection d&#8217;écran en verre véritable est le complément idéal des étuis pour portable Brand.it pour protéger l&#8217;écran de votre smartphone des rayures.
