{"id":151985,"date":"2021-01-26T23:52:55","date_gmt":"2021-01-26T22:52:55","guid":{"rendered":"https:\/\/www.brandit-protection.com\/shop\/fold-it-basic-ipad-protection-case-with-pencil-holder\/"},"modified":"2022-01-25T14:42:22","modified_gmt":"2022-01-25T13:42:22","slug":"fold-it-basic-ipad-protection-case-with-pencil-holder","status":"publish","type":"product","link":"https:\/\/www.brandit-protection.com\/fr\/boutique\/fold-it-basic-ipad-protection-case-with-pencil-holder\/","title":{"rendered":"Case pour tablett avec porte Pencil"},"content":{"rendered":"","protected":false},"excerpt":{"rendered":"Le Fold.it Smart Case a \u00e9t\u00e9 d\u00e9velopp\u00e9 sp\u00e9cifiquement pour les besoins des entreprises et est disponible pour tous les mod\u00e8les populaires de iPad\u2122. Les caract\u00e9ristiques sp\u00e9ciales sont un porte-crayon Apple\u2122, une fonction de maintien debout dans deux angles diff\u00e9rents, une fonction veille\/sommeil. La haute qualit\u00e9 ainsi que ces caract\u00e9ristiques pratiques font de cette mallette un \u00e9tui de protection parfait pour l&#8217;utilisation quotidienne en entreprise. La surface est en plastique PU\/PC antisalissure. Ce bo\u00eetier a \u00e9t\u00e9 sp\u00e9cialement optimis\u00e9 pour l&#8217;impression UV avec des graphiques ou des logos sur toute la surface.","protected":false},"featured_media":178679,"template":"","meta":{"_kad_blocks_custom_css":"","_kad_blocks_head_custom_js":"","_kad_blocks_body_custom_js":"","_kad_blocks_footer_custom_js":""},"product_brand":[],"product_cat":[925,3388,3474,3717,3720,3721,2651,3658,2484,3432,2654,3326,3328,3676,3332,1578],"product_tag":[1459,1688,1462],"product_faqs":[1955,1958,1967,1968,1974,1976],"class_list":{"0":"post-151985","1":"product","2":"type-product","3":"status-publish","4":"has-post-thumbnail","6":"product_cat-apple-fr","7":"product_cat-galaxy-tab-s7-s8-11-2020-2022-fr","8":"product_cat-galaxy-tab-s7-s8-s7-fe-12-4-fr","9":"product_cat-galaxy-tab-s8-s9-s10-ultra-14-6-fr","10":"product_cat-galaxy-tab-s9-s9-fe-11-fr","11":"product_cat-galaxy-tab-s9-s9-fe-s10-12-4-fr","12":"product_cat-ipad-10-2-7-8-9-generation-2019-2020-2021-fr","13":"product_cat-ipad-10-9-11-10-gen-2022-11-gen-2025-fr","14":"product_cat-ipad-air-10-5-2019","15":"product_cat-ipad-air-10-9-2020-2022-air6-112024-fr","16":"product_cat-ipad-mini-6-8-3-2021-fr","17":"product_cat-ipad-pro-11-2021-2022-fr","18":"product_cat-ipad-pro-11-2024-fr","19":"product_cat-ipad-pro-12-9-2021-2022-air6-13-2024-2025-fr","20":"product_cat-ipad-pro-13-2024-fr","21":"product_cat-samsung-fr","22":"product_tag-lemploi-quotidien","23":"product_tag-tablet-fr","24":"product_tag-utilisation-du-bureau","25":"product_shipping_class-tablets-fold-it-display-fr","26":"pa_color-noir","27":"pa_model-galaxy-tab-a9-a11-8-7-2023-2025","28":"pa_model-galaxy-tab-a9-a11-11-2023-2025","29":"pa_model-galaxy-tab-s11-11-2025","30":"pa_model-galaxy-tab-s11-ultra-14-6-2025","31":"pa_model-galaxy-tab-s7-s8-11-2020-2022-fr","32":"pa_model-galaxy-tab-s7-s8-s7-fe-12-4-fr","33":"pa_model-galaxy-tab-s8-s9-s10-ultra-14-6-fr","34":"pa_model-galaxy-tab-s9-s9-fe-11-fr","35":"pa_model-galaxy-tab-s9-s9-fe-s10-12-4-fr","36":"pa_model-ipad-10-2-7-8-9-generation-2019-2020-2021-fr","37":"pa_model-ipad-10-9-11-10-gen-2022-11-gen-2025-fr","38":"pa_model-ipad-air-10-9-2020-2022-air6-112024-fr","39":"pa_model-ipad-mini-6-8-3-2021-fr","40":"pa_model-ipad-pro-11-2021-fr","41":"pa_model-ipad-pro-11-2024-fr","42":"pa_model-ipad-pro-12-9-2021-2022-air6-13-2024-2025-fr","43":"pa_model-ipad-pro-13-2024-fr","44":"pa_personalization-cases-without-logo-fr","45":"pa_personalization-fullsize-image-printing-fr","46":"pa_personalization-custom-logo-printing-fr","47":"product_faqs-faq-1a-fr","48":"product_faqs-faq-2-fr","49":"product_faqs-faq-5-fr","50":"product_faqs-faq-6-fr-2","51":"product_faqs-faq-8-fr","52":"product_faqs-faq-9-fr","54":"first","55":"instock","56":"taxable","57":"shipping-taxable","58":"purchasable","59":"product-type-variable","60":"has-default-attributes","61":"rtwpvs-product"},"acf":[],"taxonomy_info":{"product_cat":[{"value":925,"label":"Apple\u2122"},{"value":3388,"label":"Galaxy Tab S7\/S8 11 (2020\/2022)"},{"value":3474,"label":"Galaxy Tab S7+\/S8+\/S7 FE 12.4"},{"value":3717,"label":"Galaxy Tab S8\/S9\/S10 Ultra 14.6"},{"value":3720,"label":"Galaxy Tab S9\/S9 FE 11"},{"value":3721,"label":"Galaxy Tab S9\/S9+ FE\/S10+ 12.4"},{"value":2651,"label":"iPad 10.2 (7\/8\/9 Generation 2019\/2020\/2021)"},{"value":3658,"label":"iPad 10.9\/11 (10 Gen 2022\/11 Gen 2025)"},{"value":2484,"label":"iPad Air 10.5 (2019)"},{"value":3432,"label":"iPad Air 10.9 (2020\/2022)\/ Air6 11(2024)"},{"value":2654,"label":"iPad mini 6 8.3 (2021)"},{"value":3326,"label":"iPad Pro 11 (2021\/2022)"},{"value":3328,"label":"iPad Pro 11 (2024)"},{"value":3676,"label":"iPad Pro 12.9 (2021\/2022)\/ Air6 13 (2024\/2025)"},{"value":3332,"label":"iPad Pro 13 (2024)"},{"value":1578,"label":"Samsung\u2122"}],"product_tag":[{"value":1459,"label":"l&#039;emploi quotidien"},{"value":1688,"label":"tablet"},{"value":1462,"label":"Utilisation du bureau"}],"pa_color":[{"value":1029,"label":"noir"}],"pa_model":[{"value":3904,"label":"Galaxy Tab A9\/A11 8.7 (2023\/2025)"},{"value":3903,"label":"Galaxy Tab A9+\/A11+ 11 (2023\/2025)"},{"value":3907,"label":"Galaxy Tab S11 11 (2025)"},{"value":3908,"label":"Galaxy Tab S11 ultra 14.6 (2025)"},{"value":3288,"label":"Galaxy Tab S7\/S8 11 (2020\/2022)"},{"value":3453,"label":"Galaxy Tab S7+\/S8+\/S7 FE 12.4"},{"value":3612,"label":"Galaxy Tab S8\/S9\/S10 Ultra 14.6"},{"value":3614,"label":"Galaxy Tab S9\/S9 FE 11"},{"value":3616,"label":"Galaxy Tab S9\/S9+ FE\/S10+ 12.4"},{"value":2636,"label":"iPad 10.2 (7\/8\/9 Generation 2019\/2020\/2021)"},{"value":3618,"label":"iPad 10.9\/11 (10 Gen 2022\/11 Gen 2025)"},{"value":3452,"label":"iPad Air 10.9 (2020\/2022)\/ Air6 11(2024)"},{"value":2640,"label":"iPad mini 6 8.3 (2021)"},{"value":2637,"label":"iPad Pro 11 (2021\/2022)"},{"value":3300,"label":"iPad Pro 11 (2024)"},{"value":3630,"label":"iPad Pro 12.9 (2021\/2022)\/ Air6 13 (2024\/2025)"},{"value":3304,"label":"iPad Pro 13 (2024)"}],"pa_personalization":[{"value":1537,"label":"Houses sans logo"},{"value":1535,"label":"Impression d&#039;images en taille r\u00e9elle"},{"value":1536,"label":"Logo propre (max. 1\/3 de la surface)"}],"product_faqs":[{"value":1955,"label":"FAQ 1a"},{"value":1958,"label":"FAQ 2"},{"value":1967,"label":"FAQ 5"},{"value":1968,"label":"FAQ 6"},{"value":1974,"label":"FAQ 8"},{"value":1976,"label":"FAQ 9"}]},"featured_image_src_large":["https:\/\/www.brandit-protection.com\/wp-content\/uploads\/fold-it-ipad-case-pencil-holder-companies-b2b-customizable-certified.jpg",1000,1000,false],"author_info":[],"comment_info":"","_links":{"self":[{"href":"https:\/\/www.brandit-protection.com\/fr\/wp-json\/wp\/v2\/product\/151985","targetHints":{"allow":["GET"]}}],"collection":[{"href":"https:\/\/www.brandit-protection.com\/fr\/wp-json\/wp\/v2\/product"}],"about":[{"href":"https:\/\/www.brandit-protection.com\/fr\/wp-json\/wp\/v2\/types\/product"}],"wp:featuredmedia":[{"embeddable":true,"href":"https:\/\/www.brandit-protection.com\/fr\/wp-json\/wp\/v2\/media\/178679"}],"wp:attachment":[{"href":"https:\/\/www.brandit-protection.com\/fr\/wp-json\/wp\/v2\/media?parent=151985"}],"wp:term":[{"taxonomy":"product_brand","embeddable":true,"href":"https:\/\/www.brandit-protection.com\/fr\/wp-json\/wp\/v2\/product_brand?post=151985"},{"taxonomy":"product_cat","embeddable":true,"href":"https:\/\/www.brandit-protection.com\/fr\/wp-json\/wp\/v2\/product_cat?post=151985"},{"taxonomy":"product_tag","embeddable":true,"href":"https:\/\/www.brandit-protection.com\/fr\/wp-json\/wp\/v2\/product_tag?post=151985"},{"taxonomy":"product_faqs","embeddable":true,"href":"https:\/\/www.brandit-protection.com\/fr\/wp-json\/wp\/v2\/product_faqs?post=151985"}],"curies":[{"name":"wp","href":"https:\/\/api.w.org\/{rel}","templated":true}]}}

Le Fold.it Smart Case a été développé spécifiquement pour les besoins des entreprises et est disponible pour tous les modèles populaires de iPad™. Les caractéristiques spéciales sont un porte-crayon Apple™, une fonction de maintien debout dans deux angles différents, une fonction veille/sommeil. La haute qualité ainsi que ces caractéristiques pratiques font de cette mallette un étui de protection parfait pour l&#8217;utilisation quotidienne en entreprise. La surface est en plastique PU/PC antisalissure. Ce boîtier a été spécialement optimisé pour l&#8217;impression UV avec des graphiques ou des logos sur toute la surface.

Impression d&#039;images en taille réelle
